{"id":1425,"date":"2014-08-26T23:30:13","date_gmt":"2014-08-26T20:30:13","guid":{"rendered":"http:\/\/matkalla.dima.fi\/?page_id=1425"},"modified":"2020-03-01T14:18:49","modified_gmt":"2020-03-01T12:18:49","slug":"2014-helsinki-kuopio","status":"publish","type":"page","link":"https:\/\/dima.fi\/blog\/matkalla\/2014-helsinki-kuopio\/","title":{"rendered":"2014 Cold start Helsinki-Kuopio"},"content":{"rendered":"\n<div class=\"wp-block-button\"><a class=\"wp-block-button__link has-background has-vivid-red-background-color\" href=\"http:\/\/dima.fi\/blog\/posts\/2014-helsinki-kuopio\/\">Blogipostaukset<\/a><\/div>\n\n\n\n<p>Kuopioon on muutettu. Helsinkiin j\u00e4i vain yksi py\u00f6r\u00e4. Se tosin j\u00e4tetty tahallaan sinne, kun yst\u00e4v\u00e4ni Jussi ehdotti py\u00f6r\u00e4reissua Helsingist\u00e4 Kuopioon. Monesti ollaan siirt\u00e4neet aikatauluja, mutta nyt ollaan ly\u00f6ty lukkoon aikav\u00e4lin 9-17.9., jolloin toteutetaan kyseinen reissu.<\/p>\n\n\n\n<p>Omalle kohdalle reissusta j\u00e4nnitt\u00e4v\u00e4ksi tekee&nbsp;t\u00e4ydellinen valmistautumattomuus fyysisesti!&nbsp;Viimeksi olen suhteellisesti aktiivisesti py\u00f6r\u00e4illyt muutama vuosi sitten. Ja mummopy\u00f6r\u00e4n p\u00e4\u00e4ll\u00e4 olen istunut pari kerta kauppareissuilla. K\u00e4yt\u00e4nn\u00f6ss\u00e4, siis, py\u00f6r\u00e4ilykunto on l\u00e4hes nolla. Onneksi kyseess\u00e4 ei ole kilpailu, eik\u00e4 ole tarkoitus ajaa kilpavauhdilla. Mutta p\u00e4iv\u00e4tavoitteet ovat kuitenkin satasen molemmin puolin. Matkaa Helsingist\u00e4 Kuopioon on noin 450km ja viisi p\u00e4iv\u00e4\u00e4 on varattu ajop\u00e4iviksi. Lis\u00e4ksi on varmuuden vuoksi pari p\u00e4iv\u00e4\u00e4 ylim\u00e4\u00e4r\u00e4ist\u00e4 vapaata, jos tulee yll\u00e4tystarvetta.<\/p>\n\n\n\n<p>Matka starttaa Helsingin Tapaninvainiosta ja reitti kulkee alustavasti akselilla Helsinki-Nastola-Jaala-M\u00e4ntyharju-Kangasniemi-Pieks\u00e4m\u00e4ki-Kuopio. Ensimm\u00e4inen y\u00f6pyminen on Nastolassa Jussin kodissa. Muut y\u00f6pymiset ovat viel\u00e4 suunnitteilla. Vaihtoentona on leirint\u00e4alueiden m\u00f6kit. Telttailuy\u00f6pymiset j\u00e4tet\u00e4\u00e4n v\u00e4liin, jotta saataisiin kuorma riitt\u00e4v\u00e4n pieneksi.<\/p>\n\n\n\n<p>Reissun aikana pid\u00e4n blogin fiiliksist\u00e4.<\/p>\n\n\n\n<iframe loading=\"lazy\" width=\"100%\" height=\"250\" src=\"https:\/\/www.google.com\/maps\/embed?pb=!1m59!1m12!1m3!1d1940899.3654671367!2d26.702391988982775!3d61.63663812118152!2m3!1f0!2f0!3f0!3m2!1i1024!2i768!4f13.1!4m44!1i0!3e1!4m5!1s0x46920bc796210691%3A0xcd4ebd843be2f763!2sHelsinki%2C+Suomi!3m2!1d60.1733244!2d24.941024799999997!4m5!1s0x4691d113eeb2d695%3A0xfedc1db3f4a5ac56!2sNastola%2C+Suomi!3m2!1d60.948102999999996!2d25.9337117!4m5!1s0x4690342de79b400f%3A0x69f6955cf71cc29c!2sJaala%2C+Suomi!3m2!1d61.051355599999994!2d26.4695908!4m5!1s0x46901158086fd13d%3A0xb138be18c1dbc8af!2sM%C3%A4ntyharju%2C+Suomi!3m2!1d61.4176133!2d26.8805117!4m5!1s0x468548d0e9acc56b%3A0x400b551554bafd0!2sKangasniemi%2C+Suomi!3m2!1d61.9880948!2d26.641931699999997!4m5!1s0x46852c48e5face97%3A0x7b1cc0faf78ec38b!2zUGlla3PDpG3DpGtpLCBTdW9taQ!3m2!1d62.3!2d27.133333!4m5!1s0x4684b08aaffec4f3%3A0xe7b6f77d9edff6c0!2sKuopio%2C+Suomi!3m2!1d62.8925!2d27.678333!5e0!3m2!1sfi!2sfi!4v1410360394436\"><\/iframe>\n\n\n\n<p>[P\u00e4ivitys 10.9.2014] Reitti muutettu.<\/p>\n","protected":false},"excerpt":{"rendered":"<p>Kuopioon on muutettu. Helsinkiin j\u00e4i vain yksi py\u00f6r\u00e4. Se tosin j\u00e4tetty tahallaan sinne, kun yst\u00e4v\u00e4ni Jussi ehdotti py\u00f6r\u00e4reissua Helsingist\u00e4 Kuopioon. Monesti ollaan siirt\u00e4neet aikatauluja, mutta nyt ollaan ly\u00f6ty lukkoon aikav\u00e4lin 9-17.9., jolloin toteutetaan kyseinen reissu. Omalle kohdalle reissusta j\u00e4nnitt\u00e4v\u00e4ksi tekee&nbsp;t\u00e4ydellinen valmistautumattomuus fyysisesti!&nbsp;Viimeksi olen suhteellisesti aktiivisesti py\u00f6r\u00e4illyt muutama vuosi sitten. Ja mummopy\u00f6r\u00e4n p\u00e4\u00e4ll\u00e4 olen istunut pari [&hellip;]<\/p>\n","protected":false},"author":1,"featured_media":0,"parent":1370,"menu_order":1,"comment_status":"closed","ping_status":"open","template":"","meta":{"footnotes":""},"class_list":["post-1425","page","type-page","status-publish","hentry","missing-thumbnail"],"_links":{"self":[{"href":"https:\/\/dima.fi\/blog\/wp-json\/wp\/v2\/pages\/1425","targetHints":{"allow":["GET"]}}],"collection":[{"href":"https:\/\/dima.fi\/blog\/wp-json\/wp\/v2\/pages"}],"about":[{"href":"https:\/\/dima.fi\/blog\/wp-json\/wp\/v2\/types\/page"}],"author":[{"embeddable":true,"href":"https:\/\/dima.fi\/blog\/wp-json\/wp\/v2\/users\/1"}],"replies":[{"embeddable":true,"href":"https:\/\/dima.fi\/blog\/wp-json\/wp\/v2\/comments?post=1425"}],"version-history":[{"count":4,"href":"https:\/\/dima.fi\/blog\/wp-json\/wp\/v2\/pages\/1425\/revisions"}],"predecessor-version":[{"id":2304,"href":"https:\/\/dima.fi\/blog\/wp-json\/wp\/v2\/pages\/1425\/revisions\/2304"}],"up":[{"embeddable":true,"href":"https:\/\/dima.fi\/blog\/wp-json\/wp\/v2\/pages\/1370"}],"wp:attachment":[{"href":"https:\/\/dima.fi\/blog\/wp-json\/wp\/v2\/media?parent=1425"}],"curies":[{"name":"wp","href":"https:\/\/api.w.org\/{rel}","templated":true}]}}