{"id":916,"date":"2011-07-19T14:55:50","date_gmt":"2011-07-19T11:55:50","guid":{"rendered":"http:\/\/matkalla.dima.fi\/?p=916"},"modified":"2020-03-04T08:16:53","modified_gmt":"2020-03-04T06:16:53","slug":"norjan-reissun-valokuvat","status":"publish","type":"mark","link":"https:\/\/dima.fi\/blog\/matkamerkki\/norjan-reissun-valokuvat\/","title":{"rendered":"Norjan reissun valokuvat"},"content":{"rendered":"<p>Norjan kuvat on vihdoin laitettu galleriaan.<\/p>\n<p><a href=\"https:\/\/foto.dima.fi\/Travel\/Norway-2605-05062011\" target=\"_blank\" rel=\"noopener noreferrer\">Norway 26.05-05.06.2011<\/a><\/p>\n<p>Kamera on kiert\u00e4nyt reissussa kaikkien matkajien k\u00e4siss\u00e4. Ett\u00e4 kuvaajana en ole vain min\u00e4, vaan my\u00f6s Elina, Amanda ja Gaile.<\/p>\n\n\n<p><\/p>\n","protected":false},"author":1,"comment_status":"open","ping_status":"open","template":"","categories":[128],"tags":[],"class_list":["post-916","mark","type-mark","status-publish","hentry","category-2011-norja","missing-thumbnail"],"_links":{"self":[{"href":"https:\/\/dima.fi\/blog\/wp-json\/wp\/v2\/mark\/916","targetHints":{"allow":["GET"]}}],"collection":[{"href":"https:\/\/dima.fi\/blog\/wp-json\/wp\/v2\/mark"}],"about":[{"href":"https:\/\/dima.fi\/blog\/wp-json\/wp\/v2\/types\/mark"}],"author":[{"embeddable":true,"href":"https:\/\/dima.fi\/blog\/wp-json\/wp\/v2\/users\/1"}],"replies":[{"embeddable":true,"href":"https:\/\/dima.fi\/blog\/wp-json\/wp\/v2\/comments?post=916"}],"wp:attachment":[{"href":"https:\/\/dima.fi\/blog\/wp-json\/wp\/v2\/media?parent=916"}],"wp:term":[{"taxonomy":"category","embeddable":true,"href":"https:\/\/dima.fi\/blog\/wp-json\/wp\/v2\/categories?post=916"},{"taxonomy":"post_tag","embeddable":true,"href":"https:\/\/dima.fi\/blog\/wp-json\/wp\/v2\/tags?post=916"}],"curies":[{"name":"wp","href":"https:\/\/api.w.org\/{rel}","templated":true}]}}

<p>Norjan kuvat on vihdoin laitettu galleriaan.</p>
<p><a href="https://foto.dima.fi/Travel/Norway-2605-05062011" target="_blank" rel="noopener noreferrer">Norway 26.05-05.06.2011</a></p>
<p>Kamera on kiertänyt reissussa kaikkien matkajien käsissä. Että kuvaajana en ole vain minä, vaan myös Elina, Amanda ja Gaile.</p>


<p></p>
