{"id":2786,"date":"2020-09-04T14:30:03","date_gmt":"2020-09-04T11:30:03","guid":{"rendered":"http:\/\/dima.fi\/blog\/?post_type=mark&#038;p=2786"},"modified":"2020-09-04T14:38:31","modified_gmt":"2020-09-04T11:38:31","slug":"20200904-143034-saaennusteet","status":"publish","type":"mark","link":"https:\/\/dima.fi\/blog\/matkamerkki\/20200904-143034-saaennusteet\/","title":{"rendered":"S\u00e4\u00e4ennusteet"},"content":{"rendered":"\n<div class=\"wp-block-getwid-image-box has-text-center has-mobile-layout-default has-mobile-alignment-default\"><div class=\"wp-block-getwid-image-box__image-container is-position-top\"><div class=\"wp-block-getwid-image-box__image-wrapper\"><img loading=\"lazy\" decoding=\"async\" width=\"1680\" height=\"500\" src=\"http:\/\/dima.fi\/blog\/wp-content\/uploads\/2020\/09\/Na\u0308ytto\u0308kuva-2020-9-4-kello-14.24.35.png\" alt=\"\" class=\"wp-block-getwid-image-box__image wp-image-2787\" srcset=\"https:\/\/dima.fi\/blog\/wp-content\/uploads\/2020\/09\/Na\u0308ytto\u0308kuva-2020-9-4-kello-14.24.35.png 1680w, https:\/\/dima.fi\/blog\/wp-content\/uploads\/2020\/09\/Na\u0308ytto\u0308kuva-2020-9-4-kello-14.24.35-300x89.png 300w, https:\/\/dima.fi\/blog\/wp-content\/uploads\/2020\/09\/Na\u0308ytto\u0308kuva-2020-9-4-kello-14.24.35-1024x305.png 1024w, https:\/\/dima.fi\/blog\/wp-content\/uploads\/2020\/09\/Na\u0308ytto\u0308kuva-2020-9-4-kello-14.24.35-768x229.png 768w, https:\/\/dima.fi\/blog\/wp-content\/uploads\/2020\/09\/Na\u0308ytto\u0308kuva-2020-9-4-kello-14.24.35-1536x457.png 1536w\" sizes=\"auto, (max-width: 1680px) 100vw, 1680px\" \/><\/div><\/div><div class=\"wp-block-getwid-image-box__content\">\n<p><a href=\"https:\/\/www.yr.no\/place\/Finland\/Other\/Oulangan_Kansallispuisto\/long.html\" target=\"_blank\" rel=\"noreferrer noopener\">Yr.no<\/a><\/p>\n<\/div><\/div>\n\n\n\n<p>Luvassa n\u00e4k\u00f6j\u00e4\u00e4n s\u00e4\u00e4t\u00e4 laidasta laitaan. Sadetta luvataan maanantaille ja tarkemmissa selosteissa kerrotaan tihkuvan my\u00f6s muinakin p\u00e4ivin\u00e4. Ett\u00e4 kuorivaatteet tulevat olemaan tarpeen. Toivottavasti vastapainona olisi v\u00e4lill\u00e4 aurinkoakin, ettei menisi masennusvaellukseksi.<\/p>\n","protected":false},"author":1,"comment_status":"open","ping_status":"open","template":"","categories":[213],"tags":[],"class_list":["post-2786","mark","type-mark","status-publish","hentry","category-2020-karhunkierros","missing-thumbnail"],"_links":{"self":[{"href":"https:\/\/dima.fi\/blog\/wp-json\/wp\/v2\/mark\/2786","targetHints":{"allow":["GET"]}}],"collection":[{"href":"https:\/\/dima.fi\/blog\/wp-json\/wp\/v2\/mark"}],"about":[{"href":"https:\/\/dima.fi\/blog\/wp-json\/wp\/v2\/types\/mark"}],"author":[{"embeddable":true,"href":"https:\/\/dima.fi\/blog\/wp-json\/wp\/v2\/users\/1"}],"replies":[{"embeddable":true,"href":"https:\/\/dima.fi\/blog\/wp-json\/wp\/v2\/comments?post=2786"}],"wp:attachment":[{"href":"https:\/\/dima.fi\/blog\/wp-json\/wp\/v2\/media?parent=2786"}],"wp:term":[{"taxonomy":"category","embeddable":true,"href":"https:\/\/dima.fi\/blog\/wp-json\/wp\/v2\/categories?post=2786"},{"taxonomy":"post_tag","embeddable":true,"href":"https:\/\/dima.fi\/blog\/wp-json\/wp\/v2\/tags?post=2786"}],"curies":[{"name":"wp","href":"https:\/\/api.w.org\/{rel}","templated":true}]}}

Sääennusteet

<div class="wp-block-getwid-image-box has-text-center has-mobile-layout-default has-mobile-alignment-default"><div class="wp-block-getwid-image-box__image-container is-position-top"><div class="wp-block-getwid-image-box__image-wrapper"><img loading="lazy" decoding="async" width="1680" height="500" src="http://dima.fi/blog/wp-content/uploads/2020/09/Näyttökuva-2020-9-4-kello-14.24.35.png" alt="" class="wp-block-getwid-image-box__image wp-image-2787" srcset="https://dima.fi/blog/wp-content/uploads/2020/09/Näyttökuva-2020-9-4-kello-14.24.35.png 1680w, https://dima.fi/blog/wp-content/uploads/2020/09/Näyttökuva-2020-9-4-kello-14.24.35-300x89.png 300w, https://dima.fi/blog/wp-content/uploads/2020/09/Näyttökuva-2020-9-4-kello-14.24.35-1024x305.png 1024w, https://dima.fi/blog/wp-content/uploads/2020/09/Näyttökuva-2020-9-4-kello-14.24.35-768x229.png 768w, https://dima.fi/blog/wp-content/uploads/2020/09/Näyttökuva-2020-9-4-kello-14.24.35-1536x457.png 1536w" sizes="auto, (max-width: 1680px) 100vw, 1680px" /></div></div><div class="wp-block-getwid-image-box__content">
<p><a href="https://www.yr.no/place/Finland/Other/Oulangan_Kansallispuisto/long.html" target="_blank" rel="noreferrer noopener">Yr.no</a></p>
</div></div>



<p>Luvassa näköjään säätä laidasta laitaan. Sadetta luvataan maanantaille ja tarkemmissa selosteissa kerrotaan tihkuvan myös muinakin päivinä. Että kuorivaatteet tulevat olemaan tarpeen. Toivottavasti vastapainona olisi välillä aurinkoakin, ettei menisi masennusvaellukseksi.</p>
