{"id":186,"date":"2008-07-23T21:01:00","date_gmt":"2008-07-23T21:01:00","guid":{"rendered":"http:\/\/123072008000000"},"modified":"2020-02-29T16:24:23","modified_gmt":"2020-02-29T14:24:23","slug":"1-2008-07-23","status":"publish","type":"mark","link":"https:\/\/dima.fi\/blog\/matkamerkki\/1-2008-07-23\/","title":{"rendered":"1: 2008-07-23"},"content":{"rendered":"<p>Torstaina l\u00e4ht\u00f6 on klo 10. Haetaan ensin Antin passi matkatoimistolta ja tehd\u00e4\u00e4n pikavisiitti h\u00e4nen ty\u00f6paikalleen. Sitten matka jatkuu kohti Ven\u00e4j\u00e4\u00e4.<\/p>\n","protected":false},"author":1,"comment_status":"closed","ping_status":"open","template":"","categories":[125],"tags":[],"class_list":["post-186","mark","type-mark","status-publish","hentry","category-2008-karjalankannas","missing-thumbnail"],"_links":{"self":[{"href":"https:\/\/dima.fi\/blog\/wp-json\/wp\/v2\/mark\/186","targetHints":{"allow":["GET"]}}],"collection":[{"href":"https:\/\/dima.fi\/blog\/wp-json\/wp\/v2\/mark"}],"about":[{"href":"https:\/\/dima.fi\/blog\/wp-json\/wp\/v2\/types\/mark"}],"author":[{"embeddable":true,"href":"https:\/\/dima.fi\/blog\/wp-json\/wp\/v2\/users\/1"}],"replies":[{"embeddable":true,"href":"https:\/\/dima.fi\/blog\/wp-json\/wp\/v2\/comments?post=186"}],"wp:attachment":[{"href":"https:\/\/dima.fi\/blog\/wp-json\/wp\/v2\/media?parent=186"}],"wp:term":[{"taxonomy":"category","embeddable":true,"href":"https:\/\/dima.fi\/blog\/wp-json\/wp\/v2\/categories?post=186"},{"taxonomy":"post_tag","embeddable":true,"href":"https:\/\/dima.fi\/blog\/wp-json\/wp\/v2\/tags?post=186"}],"curies":[{"name":"wp","href":"https:\/\/api.w.org\/{rel}","templated":true}]}}

<p>Torstaina lähtö on klo 10. Haetaan ensin Antin passi matkatoimistolta ja tehdään pikavisiitti hänen työpaikalleen. Sitten matka jatkuu kohti Venäjää.</p>
