{"id":1718,"date":"2015-08-17T14:50:11","date_gmt":"2015-08-17T11:50:11","guid":{"rendered":"http:\/\/matkalla.dima.fi\/?p=1718"},"modified":"2020-02-29T01:32:59","modified_gmt":"2020-02-28T23:32:59","slug":"dimatsvetkov-17-08-2015","status":"publish","type":"mark","link":"https:\/\/dima.fi\/blog\/matkamerkki\/dimatsvetkov-17-08-2015\/","title":{"rendered":"@dimatsvetkov 17.08.2015"},"content":{"rendered":"<p>Ja ensimm\u00e4isen p\u00e4iv\u00e4n M\u00fcnchenin kuvat netiss\u00e4 https:\/\/t.co\/9ca6fIfojS  ei kummempaa n\u00e4ht\u00e4v\u00e4\u00e4 #streetphotography #alpsdf<br \/>\n\t<a href=\"https:\/\/twitter.com\/dimatsvetkov\" target=\"_blank\" rel=\"noopener noreferrer\">@dimatsvetkov<\/a><\/p>\n","protected":false},"author":3,"comment_status":"open","ping_status":"open","template":"","categories":[19],"tags":[],"class_list":["post-1718","mark","type-mark","status-publish","hentry","category-2015-alpit","missing-thumbnail"],"_links":{"self":[{"href":"https:\/\/dima.fi\/blog\/wp-json\/wp\/v2\/mark\/1718","targetHints":{"allow":["GET"]}}],"collection":[{"href":"https:\/\/dima.fi\/blog\/wp-json\/wp\/v2\/mark"}],"about":[{"href":"https:\/\/dima.fi\/blog\/wp-json\/wp\/v2\/types\/mark"}],"author":[{"embeddable":true,"href":"https:\/\/dima.fi\/blog\/wp-json\/wp\/v2\/users\/3"}],"replies":[{"embeddable":true,"href":"https:\/\/dima.fi\/blog\/wp-json\/wp\/v2\/comments?post=1718"}],"wp:attachment":[{"href":"https:\/\/dima.fi\/blog\/wp-json\/wp\/v2\/media?parent=1718"}],"wp:term":[{"taxonomy":"category","embeddable":true,"href":"https:\/\/dima.fi\/blog\/wp-json\/wp\/v2\/categories?post=1718"},{"taxonomy":"post_tag","embeddable":true,"href":"https:\/\/dima.fi\/blog\/wp-json\/wp\/v2\/tags?post=1718"}],"curies":[{"name":"wp","href":"https:\/\/api.w.org\/{rel}","templated":true}]}}

<p>Ja ensimmäisen päivän Münchenin kuvat netissä https://t.co/9ca6fIfojS  ei kummempaa nähtävää #streetphotography #alpsdf<br />
	<a href="https://twitter.com/dimatsvetkov" target="_blank" rel="noopener noreferrer">@dimatsvetkov</a></p>
