{"id":1704,"date":"2015-08-16T19:00:03","date_gmt":"2015-08-16T16:00:03","guid":{"rendered":"http:\/\/matkalla.dima.fi\/?p=1704"},"modified":"2020-02-29T01:33:00","modified_gmt":"2020-02-28T23:33:00","slug":"dimatsvetkov-16-08-2015-9","status":"publish","type":"mark","link":"https:\/\/dima.fi\/blog\/matkamerkki\/dimatsvetkov-16-08-2015-9\/","title":{"rendered":"@dimatsvetkov 16.08.2015"},"content":{"rendered":"<p><a href=\"http:\/\/pbs.twimg.com\/media\/CMirjJgWsAA_l-e.jpg\"><img decoding=\"async\" class=\"thumbnail\" src=\"http:\/\/pbs.twimg.com\/media\/CMirjJgWsAA_l-e.jpg\" alt=\"\" style=\"max-width: 500px\"><\/a><\/p>\n<p>Perill\u00e4! Kiva kattohuoneisto viikoksi. Nyt voi rentoutua v\u00e4lill\u00e4. #alpsdf <br \/>\n\t<a href=\"https:\/\/twitter.com\/dimatsvetkov\" target=\"_blank\" rel=\"noopener noreferrer\">@dimatsvetkov<\/a><\/p>\n","protected":false},"author":3,"comment_status":"open","ping_status":"open","template":"","categories":[19],"tags":[],"class_list":["post-1704","mark","type-mark","status-publish","hentry","category-2015-alpit","missing-thumbnail"],"_links":{"self":[{"href":"https:\/\/dima.fi\/blog\/wp-json\/wp\/v2\/mark\/1704","targetHints":{"allow":["GET"]}}],"collection":[{"href":"https:\/\/dima.fi\/blog\/wp-json\/wp\/v2\/mark"}],"about":[{"href":"https:\/\/dima.fi\/blog\/wp-json\/wp\/v2\/types\/mark"}],"author":[{"embeddable":true,"href":"https:\/\/dima.fi\/blog\/wp-json\/wp\/v2\/users\/3"}],"replies":[{"embeddable":true,"href":"https:\/\/dima.fi\/blog\/wp-json\/wp\/v2\/comments?post=1704"}],"wp:attachment":[{"href":"https:\/\/dima.fi\/blog\/wp-json\/wp\/v2\/media?parent=1704"}],"wp:term":[{"taxonomy":"category","embeddable":true,"href":"https:\/\/dima.fi\/blog\/wp-json\/wp\/v2\/categories?post=1704"},{"taxonomy":"post_tag","embeddable":true,"href":"https:\/\/dima.fi\/blog\/wp-json\/wp\/v2\/tags?post=1704"}],"curies":[{"name":"wp","href":"https:\/\/api.w.org\/{rel}","templated":true}]}}

<p><a href="http://pbs.twimg.com/media/CMirjJgWsAA_l-e.jpg"><img decoding="async" class="thumbnail" src="http://pbs.twimg.com/media/CMirjJgWsAA_l-e.jpg" alt="" style="max-width: 500px"></a></p>
<p>Perillä! Kiva kattohuoneisto viikoksi. Nyt voi rentoutua välillä. #alpsdf <br />
	<a href="https://twitter.com/dimatsvetkov" target="_blank" rel="noopener noreferrer">@dimatsvetkov</a></p>
