{"id":1702,"date":"2015-08-16T16:40:02","date_gmt":"2015-08-16T13:40:02","guid":{"rendered":"http:\/\/matkalla.dima.fi\/?p=1702"},"modified":"2020-02-29T01:33:00","modified_gmt":"2020-02-28T23:33:00","slug":"dimatsvetkov-16-08-2015-8","status":"publish","type":"mark","link":"https:\/\/dima.fi\/blog\/matkamerkki\/dimatsvetkov-16-08-2015-8\/","title":{"rendered":"@dimatsvetkov 16.08.2015"},"content":{"rendered":"<p><a href=\"http:\/\/pbs.twimg.com\/media\/CMiLBpqWsAAX26O.jpg\"><img decoding=\"async\" class=\"thumbnail\" src=\"http:\/\/pbs.twimg.com\/media\/CMiLBpqWsAAX26O.jpg\" alt=\"\" style=\"max-width: 500px\"><\/a><\/p>\n<p>Mukavuus p\u00e4\u00e4ttyi t\u00e4h\u00e4n. Juna vaihtui ahtaaseen bussiin raidet\u00f6iden takia. #alpsdf <br \/>\n\t<a href=\"https:\/\/twitter.com\/dimatsvetkov\" target=\"_blank\" rel=\"noopener noreferrer\">@dimatsvetkov<\/a><\/p>\n","protected":false},"author":3,"comment_status":"open","ping_status":"open","template":"","categories":[19],"tags":[],"class_list":["post-1702","mark","type-mark","status-publish","hentry","category-2015-alpit","missing-thumbnail"],"_links":{"self":[{"href":"https:\/\/dima.fi\/blog\/wp-json\/wp\/v2\/mark\/1702","targetHints":{"allow":["GET"]}}],"collection":[{"href":"https:\/\/dima.fi\/blog\/wp-json\/wp\/v2\/mark"}],"about":[{"href":"https:\/\/dima.fi\/blog\/wp-json\/wp\/v2\/types\/mark"}],"author":[{"embeddable":true,"href":"https:\/\/dima.fi\/blog\/wp-json\/wp\/v2\/users\/3"}],"replies":[{"embeddable":true,"href":"https:\/\/dima.fi\/blog\/wp-json\/wp\/v2\/comments?post=1702"}],"wp:attachment":[{"href":"https:\/\/dima.fi\/blog\/wp-json\/wp\/v2\/media?parent=1702"}],"wp:term":[{"taxonomy":"category","embeddable":true,"href":"https:\/\/dima.fi\/blog\/wp-json\/wp\/v2\/categories?post=1702"},{"taxonomy":"post_tag","embeddable":true,"href":"https:\/\/dima.fi\/blog\/wp-json\/wp\/v2\/tags?post=1702"}],"curies":[{"name":"wp","href":"https:\/\/api.w.org\/{rel}","templated":true}]}}

<p><a href="http://pbs.twimg.com/media/CMiLBpqWsAAX26O.jpg"><img decoding="async" class="thumbnail" src="http://pbs.twimg.com/media/CMiLBpqWsAAX26O.jpg" alt="" style="max-width: 500px"></a></p>
<p>Mukavuus päättyi tähän. Juna vaihtui ahtaaseen bussiin raidetöiden takia. #alpsdf <br />
	<a href="https://twitter.com/dimatsvetkov" target="_blank" rel="noopener noreferrer">@dimatsvetkov</a></p>
