{"id":1146,"date":"2013-07-22T15:50:15","date_gmt":"2013-07-22T12:50:15","guid":{"rendered":"http:\/\/matkalla.dima.fi\/?p=1146"},"modified":"2020-02-29T13:47:14","modified_gmt":"2020-02-29T11:47:14","slug":"pikailmoitus","status":"publish","type":"mark","link":"https:\/\/dima.fi\/blog\/matkamerkki\/pikailmoitus\/","title":{"rendered":"Pikailmoitus"},"content":{"rendered":"<p>Elossa ollaan! Saksa on mobiilinetin takapajula. Siksi meist\u00e4 ei kuulunut mit\u00e4\u00e4n M\u00fcnchenin j\u00e4lkeen. Ostetiin prepaid-simmi, joka ei toiminut. Oma saunalahden liittym\u00e4 ei suostu k\u00e4ytt\u00e4m\u00e4\u00e4n pakallista datanetti\u00e4. Ollaan nyt Mcdonaldsissa ilmaisessa wlanissa.<\/p>\n<p>Eilen olemme kokeneet melkoisen seikkailun. Valloitettiin Alpspitze kunnolla. Eli noustin ja tultiin takaisin jaloin. Onneksi on niin hyv\u00e4 tiimi, ettei miss\u00e4\u00e4n vaiheessa tarvinut pel\u00e4t\u00e4 paniikkia tai siirty\u00e4 katastroofi-moodiin. Enp\u00e4 kerro t\u00e4ss\u00e4 vaiheessa enemp\u00e4\u00e4. Kunhan saadaan oma netti, niin kirjoitan auki eilisen tapahtumista.<\/p>\n<p>T\u00e4n\u00e4\u00e4n pidet\u00e4\u00e4n palautumisp\u00e4iv\u00e4, etsit\u00e4\u00e4n nettiyhteys kotiin, hoidetaan ruokaostokset ja nautitaan aurinkoisesta p\u00e4iv\u00e4st\u00e4 \ud83d\ude42<\/p>\n<p>Illalla jos saadaan oma netti, niin luvassa isompi juttu \ud83d\ude42<\/p>\n<p><a href=\"http:\/\/dima.fi\/blog\/wp-content\/uploads\/2013\/07\/7DT3213.jpg\"><img loading=\"lazy\" decoding=\"async\" class=\"alignleft size-medium wp-image-1149\" alt=\"Fox Alpspitzilla\" src=\"http:\/\/dima.fi\/blog\/wp-content\/uploads\/2013\/07\/7DT3213-300x225.jpg\" width=\"300\" height=\"225\" srcset=\"https:\/\/dima.fi\/blog\/wp-content\/uploads\/2013\/07\/7DT3213-300x225.jpg 300w, https:\/\/dima.fi\/blog\/wp-content\/uploads\/2013\/07\/7DT3213-768x576.jpg 768w, https:\/\/dima.fi\/blog\/wp-content\/uploads\/2013\/07\/7DT3213.jpg 1000w\" sizes=\"auto, (max-width: 300px) 100vw, 300px\" \/><\/a> <a href=\"http:\/\/dima.fi\/blog\/wp-content\/uploads\/2013\/07\/7DT3134.jpg\"><img loading=\"lazy\" decoding=\"async\" class=\"alignleft size-medium wp-image-1148\" alt=\"Alpspitzin huipulla!\" src=\"http:\/\/dima.fi\/blog\/wp-content\/uploads\/2013\/07\/7DT3134-300x225.jpg\" width=\"300\" height=\"225\" srcset=\"https:\/\/dima.fi\/blog\/wp-content\/uploads\/2013\/07\/7DT3134-300x225.jpg 300w, https:\/\/dima.fi\/blog\/wp-content\/uploads\/2013\/07\/7DT3134-768x576.jpg 768w, https:\/\/dima.fi\/blog\/wp-content\/uploads\/2013\/07\/7DT3134.jpg 1000w\" sizes=\"auto, (max-width: 300px) 100vw, 300px\" \/><\/a> <a href=\"http:\/\/dima.fi\/blog\/wp-content\/uploads\/2013\/07\/7DT3117.jpg\"><img loading=\"lazy\" decoding=\"async\" class=\"alignleft size-medium wp-image-1147\" alt=\"Pikku kumpu Alpspitzin vieress\u00e4\" src=\"http:\/\/dima.fi\/blog\/wp-content\/uploads\/2013\/07\/7DT3117-225x300.jpg\" width=\"225\" height=\"300\" srcset=\"https:\/\/dima.fi\/blog\/wp-content\/uploads\/2013\/07\/7DT3117-225x300.jpg 225w, https:\/\/dima.fi\/blog\/wp-content\/uploads\/2013\/07\/7DT3117.jpg 750w\" sizes=\"auto, (max-width: 225px) 100vw, 225px\" \/><\/a><\/p>\n","protected":false},"author":1,"comment_status":"open","ping_status":"open","template":"","categories":[29],"tags":[],"class_list":["post-1146","mark","type-mark","status-publish","hentry","category-2013-alpit","missing-thumbnail"],"_links":{"self":[{"href":"https:\/\/dima.fi\/blog\/wp-json\/wp\/v2\/mark\/1146","targetHints":{"allow":["GET"]}}],"collection":[{"href":"https:\/\/dima.fi\/blog\/wp-json\/wp\/v2\/mark"}],"about":[{"href":"https:\/\/dima.fi\/blog\/wp-json\/wp\/v2\/types\/mark"}],"author":[{"embeddable":true,"href":"https:\/\/dima.fi\/blog\/wp-json\/wp\/v2\/users\/1"}],"replies":[{"embeddable":true,"href":"https:\/\/dima.fi\/blog\/wp-json\/wp\/v2\/comments?post=1146"}],"wp:attachment":[{"href":"https:\/\/dima.fi\/blog\/wp-json\/wp\/v2\/media?parent=1146"}],"wp:term":[{"taxonomy":"category","embeddable":true,"href":"https:\/\/dima.fi\/blog\/wp-json\/wp\/v2\/categories?post=1146"},{"taxonomy":"post_tag","embeddable":true,"href":"https:\/\/dima.fi\/blog\/wp-json\/wp\/v2\/tags?post=1146"}],"curies":[{"name":"wp","href":"https:\/\/api.w.org\/{rel}","templated":true}]}}

<p>Elossa ollaan! Saksa on mobiilinetin takapajula. Siksi meistä ei kuulunut mitään Münchenin jälkeen. Ostetiin prepaid-simmi, joka ei toiminut. Oma saunalahden liittymä ei suostu käyttämään pakallista datanettiä. Ollaan nyt Mcdonaldsissa ilmaisessa wlanissa.</p>
<p>Eilen olemme kokeneet melkoisen seikkailun. Valloitettiin Alpspitze kunnolla. Eli noustin ja tultiin takaisin jaloin. Onneksi on niin hyvä tiimi, ettei missään vaiheessa tarvinut pelätä paniikkia tai siirtyä katastroofi-moodiin. Enpä kerro tässä vaiheessa enempää. Kunhan saadaan oma netti, niin kirjoitan auki eilisen tapahtumista.</p>
<p>Tänään pidetään palautumispäivä, etsitään nettiyhteys kotiin, hoidetaan ruokaostokset ja nautitaan aurinkoisesta päivästä 🙂</p>
<p>Illalla jos saadaan oma netti, niin luvassa isompi juttu 🙂</p>
<p><a href="http://dima.fi/blog/wp-content/uploads/2013/07/7DT3213.jpg"><img loading="lazy" decoding="async" class="alignleft size-medium wp-image-1149" alt="Fox Alpspitzilla" src="http://dima.fi/blog/wp-content/uploads/2013/07/7DT3213-300x225.jpg" width="300" height="225" srcset="https://dima.fi/blog/wp-content/uploads/2013/07/7DT3213-300x225.jpg 300w, https://dima.fi/blog/wp-content/uploads/2013/07/7DT3213-768x576.jpg 768w, https://dima.fi/blog/wp-content/uploads/2013/07/7DT3213.jpg 1000w" sizes="auto, (max-width: 300px) 100vw, 300px" /></a> <a href="http://dima.fi/blog/wp-content/uploads/2013/07/7DT3134.jpg"><img loading="lazy" decoding="async" class="alignleft size-medium wp-image-1148" alt="Alpspitzin huipulla!" src="http://dima.fi/blog/wp-content/uploads/2013/07/7DT3134-300x225.jpg" width="300" height="225" srcset="https://dima.fi/blog/wp-content/uploads/2013/07/7DT3134-300x225.jpg 300w, https://dima.fi/blog/wp-content/uploads/2013/07/7DT3134-768x576.jpg 768w, https://dima.fi/blog/wp-content/uploads/2013/07/7DT3134.jpg 1000w" sizes="auto, (max-width: 300px) 100vw, 300px" /></a> <a href="http://dima.fi/blog/wp-content/uploads/2013/07/7DT3117.jpg"><img loading="lazy" decoding="async" class="alignleft size-medium wp-image-1147" alt="Pikku kumpu Alpspitzin vieressä" src="http://dima.fi/blog/wp-content/uploads/2013/07/7DT3117-225x300.jpg" width="225" height="300" srcset="https://dima.fi/blog/wp-content/uploads/2013/07/7DT3117-225x300.jpg 225w, https://dima.fi/blog/wp-content/uploads/2013/07/7DT3117.jpg 750w" sizes="auto, (max-width: 225px) 100vw, 225px" /></a></p>
