{"id":1145,"date":"2013-07-20T17:45:02","date_gmt":"2013-07-20T14:45:02","guid":{"rendered":"http:\/\/matkalla.dima.fi\/?p=1145"},"modified":"2020-02-29T13:47:14","modified_gmt":"2020-02-29T11:47:14","slug":"dimatsvetkov-20-07-2013-19","status":"publish","type":"mark","link":"https:\/\/dima.fi\/blog\/matkamerkki\/dimatsvetkov-20-07-2013-19\/","title":{"rendered":"@dimatsvetkov 20.07.2013"},"content":{"rendered":"<p>Viimeiset hetket M\u00fcnchenissa.Paikallista ja italialaista j\u00e4\u00e4tel\u00f6\u00e4 nautittu. Tappohelle. Suihkul\u00e4hde. Jaffa. #alpsdf<br \/>\n<a href=\"https:\/\/twitter.com\/dimatsvetkov\" target=\"_blank\" rel=\"noopener noreferrer\">@dimatsvetkov<\/a><\/p>\n","protected":false},"author":3,"comment_status":"open","ping_status":"open","template":"","categories":[29],"tags":[],"class_list":["post-1145","mark","type-mark","status-publish","hentry","category-2013-alpit","missing-thumbnail"],"_links":{"self":[{"href":"https:\/\/dima.fi\/blog\/wp-json\/wp\/v2\/mark\/1145","targetHints":{"allow":["GET"]}}],"collection":[{"href":"https:\/\/dima.fi\/blog\/wp-json\/wp\/v2\/mark"}],"about":[{"href":"https:\/\/dima.fi\/blog\/wp-json\/wp\/v2\/types\/mark"}],"author":[{"embeddable":true,"href":"https:\/\/dima.fi\/blog\/wp-json\/wp\/v2\/users\/3"}],"replies":[{"embeddable":true,"href":"https:\/\/dima.fi\/blog\/wp-json\/wp\/v2\/comments?post=1145"}],"wp:attachment":[{"href":"https:\/\/dima.fi\/blog\/wp-json\/wp\/v2\/media?parent=1145"}],"wp:term":[{"taxonomy":"category","embeddable":true,"href":"https:\/\/dima.fi\/blog\/wp-json\/wp\/v2\/categories?post=1145"},{"taxonomy":"post_tag","embeddable":true,"href":"https:\/\/dima.fi\/blog\/wp-json\/wp\/v2\/tags?post=1145"}],"curies":[{"name":"wp","href":"https:\/\/api.w.org\/{rel}","templated":true}]}}

<p>Viimeiset hetket Münchenissa.Paikallista ja italialaista jäätelöä nautittu. Tappohelle. Suihkulähde. Jaffa. #alpsdf<br />
<a href="https://twitter.com/dimatsvetkov" target="_blank" rel="noopener noreferrer">@dimatsvetkov</a></p>
