{"id":1117,"date":"2013-07-20T03:58:44","date_gmt":"2013-07-20T00:58:44","guid":{"rendered":"http:\/\/matkalla.dima.fi\/?p=1117"},"modified":"2020-02-29T13:47:15","modified_gmt":"2020-02-29T11:47:15","slug":"dimatsvetkov-20-07-2013-6","status":"publish","type":"mark","link":"https:\/\/dima.fi\/blog\/matkamerkki\/dimatsvetkov-20-07-2013-6\/","title":{"rendered":"@dimatsvetkov 20.07.2013"},"content":{"rendered":"<p><a href=\"http:\/\/pbs.twimg.com\/media\/BPkVQjnCMAAJnEs.jpg\"><img decoding=\"async\" class=\"thumbnail\" src=\"http:\/\/pbs.twimg.com\/media\/BPkVQjnCMAAJnEs.jpg\" alt=\"\" style=\"max-width: 500px\"><\/a><\/p>\n<p>Varusteet on bauttiralla t\u00e4ss\u00e4, Saksasta pari tavaraa lis\u00e4\u00e4. Nyt pakataan ja aamulla koneeseen #alpsdf <br \/>\n<a href=\"https:\/\/twitter.com\/dimatsvetkov\" target=\"_blank\" rel=\"noopener noreferrer\">@dimatsvetkov<\/a><\/p>\n","protected":false},"author":3,"comment_status":"open","ping_status":"open","template":"","categories":[29],"tags":[],"class_list":["post-1117","mark","type-mark","status-publish","hentry","category-2013-alpit","missing-thumbnail"],"_links":{"self":[{"href":"https:\/\/dima.fi\/blog\/wp-json\/wp\/v2\/mark\/1117","targetHints":{"allow":["GET"]}}],"collection":[{"href":"https:\/\/dima.fi\/blog\/wp-json\/wp\/v2\/mark"}],"about":[{"href":"https:\/\/dima.fi\/blog\/wp-json\/wp\/v2\/types\/mark"}],"author":[{"embeddable":true,"href":"https:\/\/dima.fi\/blog\/wp-json\/wp\/v2\/users\/3"}],"replies":[{"embeddable":true,"href":"https:\/\/dima.fi\/blog\/wp-json\/wp\/v2\/comments?post=1117"}],"wp:attachment":[{"href":"https:\/\/dima.fi\/blog\/wp-json\/wp\/v2\/media?parent=1117"}],"wp:term":[{"taxonomy":"category","embeddable":true,"href":"https:\/\/dima.fi\/blog\/wp-json\/wp\/v2\/categories?post=1117"},{"taxonomy":"post_tag","embeddable":true,"href":"https:\/\/dima.fi\/blog\/wp-json\/wp\/v2\/tags?post=1117"}],"curies":[{"name":"wp","href":"https:\/\/api.w.org\/{rel}","templated":true}]}}

<p><a href="http://pbs.twimg.com/media/BPkVQjnCMAAJnEs.jpg"><img decoding="async" class="thumbnail" src="http://pbs.twimg.com/media/BPkVQjnCMAAJnEs.jpg" alt="" style="max-width: 500px"></a></p>
<p>Varusteet on bauttiralla tässä, Saksasta pari tavaraa lisää. Nyt pakataan ja aamulla koneeseen #alpsdf <br />
<a href="https://twitter.com/dimatsvetkov" target="_blank" rel="noopener noreferrer">@dimatsvetkov</a></p>
